 are the prime factors of 130243852?
2, 4349, 7487
List the prime factors of 1263904140.
2, 3, 5, 61, 345329
What are the prime factors of 1117847216?
2, 19, 3677129
What are the prime factors of 223303?
223303
What are the prime factors of 73974808?
2, 23, 402037
What are the prime factors of 985093999?
985093999
What are the prime factors of 149942061?
3, 16660229
List the prime factors of 2744990.
2, 5, 17, 67, 241
List the prime factors of 1856161537.
101, 3727, 4931
What are the prime factors of 406161787?
406161787
List the prime factors of 280330677.
3, 11, 2831623
List the prime factors of 223220542.
2, 111610271
What are the prime factors of 900838490?
2, 5, 3923, 22963
What are the prime factors of 183685426?
2, 19, 271, 17837
List the prime factors of 959230020.
2, 3, 5, 7, 2283881
What are the prime factors of 589643618?
2, 37, 7968157
What are the prime factors of 658147703?
41, 2659, 6037
List the prime factors of 758750718.
2, 3, 11, 2099, 5477
What are the prime factors of 1104802467?
3, 499, 738011
List the prime factors of 377554492.
2, 7, 599, 22511
List the prime factors of 4749001264.
2, 7, 313, 135469
What are the prime factors of 76445296?
2, 4777831
List the prime factors of 9333046.
2, 31, 150533
List the prime factors of 4464670482.
2, 3, 41, 941, 2143
List the prime factors of 353999092.
2, 17, 1471, 3539
What are the prime factors of 219589959?
3, 73196653
List the prime factors of 443876260.
2, 5, 61, 363833
What are the prime factors of 22596091?
7, 907, 3559
List the prime factors of 205178221.
109, 1882369
List the prime factors of 894686386.
2, 11, 40667563
List the prime factors of 454060105.
5, 29, 107981
What are the prime factors of 7016850792?
2, 3, 7, 37, 317, 1187
List the prime factors of 62287313.
11, 79, 229, 313
List the prime factors of 2756625851.
7, 393803693
What are the prime factors of 312468399?
3, 34718711
What are the prime factors of 738242745?
3, 5, 127, 387529
What are the prime factors of 308725896?
2, 3, 43, 293, 1021
What are the prime factors of 481444022?
2, 29, 383, 21673
What are the prime factors of 8118709243?
193, 42065851
What are the prime factors of 1629230?
2, 5, 191, 853
What are the prime factors of 116843973?
3, 41, 949951
What are the prime factors of 8536401841?
11, 776036531
List the prime factors of 316691646.
2, 3, 23, 43, 83, 643
What are the prime factors of 654707676?
2, 3, 7, 7794139
What are the prime factors of 479184511?
13, 36860347
List the prime factors of 198151167.
3, 17, 1459, 2663
What are the prime factors of 2331640980?
2, 3, 5, 83, 239, 653
List the prime factors of 184036900.
2, 5, 17, 29, 3733
List the prime factors of 120667140.
2, 3, 5, 11, 60943
List the prime factors of 444542360.
2, 5, 71, 157, 997
What are the prime factors of 3355201?
3355201
List the prime factors of 2504735735.
5, 500947147
List the prime factors of 769318458.
2, 3, 61, 193, 10891
List the prime factors of 387115422.
2, 3, 563, 114599
What are the prime factors of 88680247?
88680247
List the prime factors of 357030737.
7, 53, 683, 1409
What are the prime factors of 108561905?
5, 21712381
List the prime factors of 771643657.
41, 857, 21961
List the prime factors of 5948271.
3, 7, 263, 359
What are the prime factors of 25714108?
2, 7, 918361
List the prime factors of 557590227.
3, 1873, 99233
List the prime factors of 39217757.
137, 293, 977
List the prime factors of 644613955.
5, 1741, 74051
List the prime factors of 1422403825.
5, 571, 99643
List the prime factors of 2084417.
659, 3163
List the prime factors of 3248275224.
2, 3, 135344801
List the prime factors of 5770640944.
2, 360665059
What are the prime factors of 212158904?
2, 43, 616741
What are the prime factors of 279296054?
2, 37, 3774271
List the prime factors of 46103470.
2, 5, 7, 101, 6521
List the prime factors of 3813328143.
3, 571, 742037
List the prime factors of 73214074.
2, 36607037
List the prime factors of 57750753.
3, 367, 52453
List the prime factors of 4357387954.
2, 37, 47, 1252843
What are the prime factors of 21780102?
2, 3, 29, 41, 43, 71
What are the prime factors of 950612234?
2, 11, 13, 1237, 2687
List the prime factors of 44046573.
3, 109, 134699
List the prime factors of 3432641965.
5, 563, 1219411
What are the prime factors of 1213027334?
2, 31, 43, 61, 7459
List the prime factors of 6543530142.
2, 3, 37, 1723, 17107
List the prime factors of 1174719584.
2, 17, 83, 26017
List the prime factors of 262709630.
2, 5, 26270963
What are the prime factors of 4271590237?
863, 4949699
What are the prime factors of 9810867?
3, 11, 211, 1409
List the prime factors of 3692946334.
2, 7, 11, 67, 357913
List the prime factors of 27131603.
31, 875213
List the prime factors of 239848220.
2, 5, 11992411
What are the prime factors of 972748224?
2, 3, 7, 137, 587
List the prime factors of 94188926.
2, 13, 29, 124919
List the prime factors of 315734919.
3, 29, 263, 13799
What are the prime factors of 145190090?
2, 5, 1987, 7307
What are the prime factors of 7140843868?
2, 59, 30257813
What are the prime factors of 22503607?
7, 193, 16657
List the prime factors of 2157464941.
1997, 1080353
What are the prime factors of 755253392?
2, 23, 53, 38723
List the prime factors of 5274997.
7, 13
What are the prime factors of 3382776046?
2, 13, 1109, 117319
What are the prime factors of 102514140?
2, 3, 5, 229, 829
List the prime factors of 17906644.
2, 7, 17, 37619
List the prime factors of 429530751.
3, 13, 3671203
What are the prime factors of 4058159789?
89, 107, 131, 3253
What are the prime factors of 282113205?
3, 5, 11, 431, 3967
What are the prime factors of 24839520?
2, 3, 5, 51749
What are the prime factors of 94904090?
2, 5, 9490409
List the prime factors of 489714767.
17, 113, 254927
What are the prime factors of 101782911?
3, 1109, 30593
List the prime factors of 63477739.
13, 31, 157513
What are the prime factors of 4778239802?
2, 7, 48757549
What are the prime factors of 32340769?
32340769
What are the prime factors of 31405254?
2, 3, 1621, 3229
List the prime factors of 1501627388.
2, 37, 829, 12239
List the prime factors of 3265507.
7, 66643
List the prime factors of 99011341.
11, 13, 692387
What are the prime factors of 236517284?
2, 431, 137191
What are the prime factors of 46002207?
3, 29, 229, 2309
List the prime factors of 22574115.
3, 5, 277, 1811
List the prime factors of 2218948228.
2, 7, 59, 83, 16183
List the prime factors of 25365576.
2, 3, 211, 5009
What are the prime factors of 371685663?
3, 29, 59, 24137
List the prime factors of 1729055407.
197, 8776931
What are the prime factors of 798354022?
2, 399177011
List the prime factors of 4644840793.
17, 449, 608521
What are the prime factors of 2270945059?
2270945059
What are the prime factors of 343295125?
5, 23, 97, 1231
List the prime factors of 313839491.
7, 44834213
List the prime factors of 101748950.
2, 5, 2034979
What are the prime factors of 41104464?
2, 3, 856343
What are the prime factors of 737143131?
3, 13397, 18341
List the prime factors of 2811597557.
109, 173, 149101
List the prime factors of 71559740.
2, 5, 7, 43, 11887
List the prime factors of 97342385.
5, 7, 2781211
What are the prime factors of 1395908847?
3, 23, 73, 92377
List the prime factors of 5543920501.
7, 137, 5780939
What are the prime factors of 76597674?
2, 3, 12766279
List the prime factors of 128411.
128411
What are the prime factors of 252111063?
3, 4889, 17189
What are the prime factors of 284247354?
2, 3, 47374559
List the prime factors of 87586532.
2, 11, 31, 157, 409
List the prime factors of 487689049.
10499, 46451
List the prime factors of 61981712.
2, 13, 297989
List the prime factors of 545668382.
2, 7, 1151, 33863
List the prime factors of 163671794.
2, 11, 13, 37, 15467
What are the prime factors of 409518664?
2, 37, 1383509
List the prime factors of 77424901.
761, 101741
What are the prime factors of 316710002?
2, 7, 22622143
List the prime factors of 24934372.
2, 6233593
List the prime factors of 194545638.
2, 3, 7, 23, 7459
What are the prime factors of 3083470816?
2, 1367, 70489
List the prime factors of 85101489.
3, 11, 101, 2837
What are the prime factors of 456775543?
7, 211, 309259
What are the prime factors of 2253854425?
5, 2269, 39733
L